
7
Calculate the remainder when 362 is divided by 121.
120
Calculate the remainder when 502 is divided by 41.
10
Calculate the remainder when 335 is divided by 11.
5
Calculate the remainder when 189 is divided by 33.
24
What is the remainder when 73 is divided by 16?
9
Calculate the remainder when 309 is divided by 62.
61
Calculate the remainder when 372 is divided by 71.
17
What is the remainder when 62 is divided by 1?
0
What is the remainder when 1196 is divided by 239?
1
Calculate the remainder when 962 is divided by 479.
4
Calculate the remainder when 1117 is divided by 39.
25
What is the remainder when 556 is divided by 62?
60
Calculate the remainder when 106 is divided by 22.
18
Calculate the remainder when 2647 is divided by 437.
25
Calculate the remainder when 902 is divided by 14.
6
Calculate the remainder when 686 is divided by 23.
19
What is the remainder when 54 is divided by 23?
8
Calculate the remainder when 43 is divided by 16.
11
What is the remainder when 701 is divided by 11?
8
What is the remainder when 9601 is divided by 9?
7
What is the remainder when 943 is divided by 16?
15
Calculate the remainder when 21137 is divided by 5.
2
Calculate the remainder when 1278 is divided by 107.
101
Calculate the remainder when 5 is divided by 5.
0
What is the remainder when 33 is divided by 3?
0
What is the remainder when 166 is divided by 42?
40
What is the remainder when 5413 is divided by 95?
93
What is the remainder when 53 is divided by 40?
13
What is the remainder when 78 is divided by 8?
6
What is the remainder when 102 is divided by 18?
12
What is the remainder when 806 is divided by 58?
52
What is the remainder when 19029 is divided by 26?
23
What is the remainder when 241 is divided by 27?
25
What is the remainder when 923 is divided by 906?
17
What is the remainder when 719 is divided by 60?
59
What is the remainder when 1082 is divided by 84?
74
Calculate the remainder when 883 is divided by 143.
25
What is the remainder when 156 is divided by 35?
16
What is the remainder when 3103 is divided by 774?
7
Calculate the remainder when 183 is divided by 62.
59
What is the remainder when 811 is divided by 269?
4
What is the remainder when 174 is divided by 32?
14
What is the remainder when 974 is divided by 65?
64
What is the remainder when 643 is divided by 34?
31
Calculate the remainder when 129 is divided by 19.
15
What is the remainder when 814 is divided by 24?
22
Calculate the remainder when 502 is divided by 133.
103
What is the remainder when 136 is divided by 63?
10
Calculate the remainder when 794 is divided by 165.
134
What is the remainder when 901 is divided by 128?
5
Calculate the remainder when 405 is divided by 112.
69
Calculate the remainder when 2671 is divided by 869.
64
Calculate the remainder when 62 is divided by 14.
6
Calculate the remainder when 557 is divided by 16.
13
What is the remainder when 247 is divided by 87?
73
Calculate the remainder when 399 is divided by 60.
39
Calculate the remainder when 173 is divided by 16.
13
What is the remainder when 357 is divided by 37?
24
Calculate the remainder when 930 is divided by 464.
2
What is the remainder when 139 is divided by 25?
14
What is the remainder when 65 is divided by 22?
21
What is the remainder when 1367 is divided by 38?
37
What is the remainder when 2644 is divided by 48?
4
Calculate the remainder when 1662 is divided by 42.
24
What is the remainder when 221 is divided by 208?
13
What is the remainder when 1424 is divided by 31?
29
Calculate the remainder when 401 is divided by 67.
66
Calculate the remainder when 101 is divided by 49.
3
Calculate the remainder when 173 is divided by 29.
28
Calculate the remainder when 3951 is divided by 1973.
5
What is the remainder when 969 is divided by 5?
4
Calculate the remainder when 59 is divided by 17.
8
What is the remainder when 148 is divided by 141?
7
What is the remainder when 2053 is divided by 2035?
18
Calculate the remainder when 206 is divided by 59.
29
Calculate the remainder when 137 is divided by 7.
4
Calculate the remainder when 350 is divided by 116.
2
Calculate the remainder when 67 is divided by 46.
21
Calculate the remainder when 3821 is divided by 294.
293
What is the remainder when 872 is divided by 8?
0
What is the remainder when 34 is divided by 33?
1
What is the remainder when 79 is divided by 17?
11
Calculate the remainder when 223 is divided by 38.
33
Calculate the remainder when 413 is divided by 38.
33
What is the remainder when 959 is divided by 160?
159
What is the remainder when 883 is divided by 213?
31
Calculate the remainder when 2141 is divided by 119.
118
What is the remainder when 393 is divided by 136?
121
What is the remainder when 5248 is divided by 15?
13
Calculate the remainder when 198 is divided by 44.
22
Calculate the remainder when 473 is divided by 235.
3
What is the remainder when 130 is divided by 3?
1
Calculate the remainder when 1464 is divided by 35.
29
What is the remainder when 24 is divided by 2?
0
What is the remainder when 36 is divided by 11?
3
What is the remainder when 39 is divided by 5?
4
Calculate the remainder when 21 is divided by 18.
3
Calculate the remainder when 2721 is divided by 25.
21
Calculate the remainder when 173 is divided by 157.
16
What is the remainder when 859 is divided by 24?
19
Calculate the remainder when 115 is divided by 59.
56
Calculate the remainder when 158 is divided by 54.
50
What is the remainder when 145 is divided by 49?
47
Calculate the remainder when 31 is divided by 3.
1
What is the remainder when 129 is divided by 46?
37
Calculate the remainder when 137 is divided by 68.
1
Calculate the remainder when 108 is divided by 57.
51
Calculate the remainder when 77 is divided by 9.
5
What is the remainder when 406 is divided by 210?
196
What is the remainder when 224 is divided by 58?
50
What is the remainder when 2293 is divided by 5?
3
What is the remainder when 527 is divided by 33?
32
Calculate the remainder when 272 is divided by 46.
42
What is the remainder when 1010 is divided by 92?
90
Calculate the remainder when 594 is divided by 292.
10
What is the remainder when 179 is divided by 26?
23
Calculate the remainder when 2799 is divided by 255.
249
What is the remainder when 89 is divided by 9?
8
Calculate the remainder when 194 is divided by 49.
47
Calculate the remainder when 776 is divided by 250.
26
What is the remainder when 253 is divided by 245?
8
Calculate the remainder when 200 is divided by 68.
64
Calculate the remainder when 53 is divided by 8.
5
Calculate the remainder when 4291 is divided by 159.
157
What is the remainder when 115 is divided by 66?
49
Calculate the remainder when 2961 is divided by 76.
73
Calculate the remainder when 275 is divided by 84.
23
What is the remainder when 333 is divided by 16?
13
What is the remainder when 123 is divided by 52?
19
Calculate the remainder when 3262 is divided by 250.
12
Calculate the remainder when 549 is divided by 11.
10
Calculate the remainder when 303 is divided by 20.
3
Calculate the remainder when 955 is divided by 60.
55
What is the remainder when 182 is divided by 61?
60
What is the remainder when 8458 is divided by 15?
13
Calculate the remainder when 1955 is divided by 49.
44
What is the remainder when 114 is divided by 29?
27
What is the remainder when 35 is divided by 26?
9
What is the remainder when 763 is divided by 11?
4
What is the remainder when 362 is divided by 14?
12
Calculate the remainder when 2140 is divided by 63.
61
Calculate the remainder when 2341 is divided by 69.
64
What is the remainder when 349 is divided by 47?
20
What is the remainder when 271 is divided by 189?
82
Calculate the remainder when 27 is divided by 5.
2
What is the remainder when 4264 is divided by 18?
16
Calculate the remainder when 281 is divided by 70.
1
Calculate the remainder when 7 is divided by 6.
1
Calculate the remainder when 2675 is divided by 20.
15
What is the remainder when 1203 is divided by 157?
104
Calculate the remainder when 231 is divided by 48.
39
What is the remainder when 1034 is divided by 4?
2
What is the remainder when 193 is divided by 102?
91
Calculate the remainder when 1699 is divided by 1695.
4
What is the remainder when 1874 i